/(-80)). Let s be 3 + (r/(-5) - -8). Give v(s).
1
Let u(f) be the first derivative of -f**3 - 4*f**2 - 4*f - 1105. Determine u(-4).
-20
Let x = -27 + 27. Suppose x = -115*d + 118*d - 3. Let j(i) = -i**3 - i + 3 - 5 - 10 + d. Determine j(0).
-11
Let n(w) = -w**2 - w - 3. Let d(b) = 4*b**2 + 24*b - 1. Let j be d(-8). Suppose -56*k = -j*k + 28. Give n(k).
-23
Let w(q) = -6*q**3 + 13*q**2 + 18*q + 1. Let k(o) = -7*o**3 + 15*o**2 + 20*o. Let g(f) = -9*k(f) + 10*w(f). What is g(-2)?
-34
Let y(a) be the first derivative of a**2/2 + 18*a - 3. Let v = -16846 - -16837. Give y(v).
9
Suppose 23*p - 19*p + 20 = 0. Let f be 4 - -4*p/(-10). Let g(o) = -2*o + f*o + 1 + 4*o - 11*o. Calculate g(1).
-2
Let p = 99 + -54. Let z(o) = 122*o - o**3 - 1 - 40*o - 43*o - p*o - 5*o**2. Determine z(-4).
7
Suppose -o = 2*o - 6. Let s(b) = b**3 + 3*b**2 - 20*b - 10. Let r be s(-6). Let y(i) = -33*i + 32*i + i**r - 7 + o. Calculate y(4).
7
Let m(k) = -4*k - 7. Suppose -4532 = -8*q - 1788. Let j = 337 - q. Determine m(j).
17
Let j(a) = a**2 + 7 + a + 251*a**3 - 3 - 250*a**3 - 2*a. Suppose 5*h = 2*o - 2 + 4, -2*h + 3 = -3*o. Calculate j(h).
4
Suppose -7510*a + 4155 = -6679*a. Let g(w) = 8 - 5*w - w + 5*w. Determine g(a).
3
Let z(c) = -11*c + 46. Let h be z(4). Let v(q) = -3*q - 3*q + 6*q + 5 - h*q. Give v(2).
1
Let v(u) = 93*u - 65 - 12*u - 21*u - 25*u - 25*u. What is v(7)?
5
Let a(q) = 2 + 0 - 3*q - 8 + 2. Let y = -5263 + 5268. Give a(y).
-19
Let l(s) = -10 - 4*s + 9 - s + 4*s - s. Suppose 11*x + 63 + 25 = 0. Determine l(x).
15
Let i(x) = 5*x + x**2 - x - 17 + 2*x + 55 - 96 + 52. Suppose 3*l + 34 = 2*w, 0 = -5*l + 4*w - 3*w - 45. Determine i(l).
10
Let v(l) = -981*l**2 + 339*l**2 + 370*l**2 - 2*l + 1 + 323*l**2 + 7*l. Determine v(-1).
47
Let i(s) = s - 1. Suppose -4*y + 4*x = 24, 7*y - 10*y - 2*x - 3 = 0. Let p(c) = -2*c + 13. Let u(j) = y*i(j) - p(j). What is u(-5)?
-5
Suppose 19*y + f = 22*y - 2, -y + 5 = 4*f. Suppose -20*u + 19*u - 5 = 4*q, -3*u + y = -4*q. Let x(n) = -17*n**3 - 2*n**2 - n. Calculate x(q).
16
Let n(u) = 41*u - 171. Let v = -7807 + 7811. Calculate n(v).
-7
Let w(o) = 5*o**3 - 2*o**2 - 36*o - 17. Let t(z) = -4*z**3 + 29*z + 17. Let y(s) = -4*t(s) - 3*w(s). What is y(-7)?
-10
Let p(z) = -2*z**2 + 3*z + 6. Suppose 9*c - 6*c + 13*c = -0*c. Determine p(c).
6
Suppose 3*o - 4*c - 9 + 12 = 0, -o + 3*c = 1. Let b(t) = -13*t**3 + 3*t + 3. Calculate b(o).
13
Suppose -4*s + 3*f + 24 = -0, 4*s - 2*f = 20. Let y(h) = 58*h - 17. Let v(q) = 27*q - 8. Let t = 175 - 169. Let r(w) = t*y(w) - 13*v(w). Calculate r(s).
-7
Let i = -179 - -181. Let j(p) = -i*p - p - 5 - 2 + 4*p. Determine j(4).
-3
Suppose 31*c - 1756 + 516 = 0. Suppose -c = 30*i - 35*i. Let m(d) be the third derivative of d**6/120 - 2*d**5/15 - d**2. Give m(i).
0
Let s be (-5)/((960/512)/(18/(-8))). Let a(c) = -2*c**2 + 5*c + 22. Give a(s).
-20
Let f(z) be the first derivative of -z**4/2 + z**3/3 + 5*z**2/2 - 5*z - 4215. Determine f(2).
-7
Suppose -3*h - 2*h + 30 = 0. Let x(u) be the third derivative of 0 - 7/6*u**3 + 32*u**2 + 0*u + 1/12*u**4 - 1/10*u**5 + 1/120*u**6. Give x(h).
5
Let u(s) = -s**2 - 2. Let o(g) = g**2 + 19*g + 9. Let n(x) = -2*o(x) + 2*u(x). What is n(-9)?
-4
Let x(k) = 3*k + 38. Let j(z) = -z**3 - 10*z**2 - 17*z - 3. Let i be j(-8). Let n(l) = l + 19. Let a(o) = i*n(o) - 2*x(o). What is a(0)?
19
Suppose 604*u - 589*u = -45. Let p(b) = -14*b + 9. Determine p(u).
51
Let b(z) = 6*z + 8. Let q be (-200)/(-24)*(-18)/30. Calculate b(q).
-22
Let b(s) = -s**2 - 6*s + 2. Let h(j) = 18*j + 115. Let a(p) = -2*p - 1. Let d(f) = -6*a(f) - h(f). Let t be d(-17). Determine b(t).
-5
Let x(y) = -y**3 - 6*y**2 + 8*y + 2. Let j be 21/(-28) - 47/(-4). Suppose -3*s + 2*a + j + 13 = 0, -a = -3. Suppose 0 = -17*u + s*u - 49. What is x(u)?
-5
Let x(f) be the second derivative of -f**5/20 + f**4 - 11*f**3/6 - 197*f + 2. Suppose i - 7 = -0*i + j, -2*i = 2*j - 30. What is x(i)?
0
Let r be 665/209 + (-4)/22. Suppose -7*n + 2*n = j - 15, -n + r = 2*j. Suppose 2*l + 0*l + 12 = j. Let b(q) = q**2 + 4*q - 8. What is b(l)?
4
Let g(t) = -t**3 + 7*t**2 + 8*t + 16. Let l be (2/7)/(19 - (-5841)/(-308)). What is g(l)?
16
Let p(j) = -j**3 + 5*j**2 - 3*j + 6. Let c(b) = b - 23. Let g be c(0). Let d = -19 - g. Suppose -6*q = -d*u - q + 45, -4*q - 45 = -5*u. Calculate p(u).
-9
Let a(f) = -109*f - 4. Let l(g) = -121*g - 5. Let o(p) = 10*a(p) - 9*l(p). Determine o(5).
0
Let l(o) be the third derivative of -o**6/120 + 2*o**5/15 - o**4/12 - o**3/6 - 5894*o**2. Determine l(8).
-17
Let g(b) be the third derivative of -b**5/60 + b**4/3 - b**3 - 4*b**2. Let i be -1 + 5/(4 - -1). Let w be (i - 1) + 56/8. Give g(w).
6
Let o(l) be the third derivative of -1/3*l**3 - 1/12*l**4 + 11*l**2 - 4*l + 0. Determine o(-4).
6
Let v be -7 + (21 - -3) - 8. Let w be ((-9)/v)/(1 - 2 - -2). Let j(u) = -2*u**3 + u**2 + 6*u**3 - u**3. Calculate j(w).
-2
Let h(q) = q**3 + 12*q**2 + 32*q - 20. Let x = 512 - 519. What is h(x)?
1
Let q(c) = -1. Let u(a) = -a - 3. Let o(n) = -5*q(n) + u(n). Suppose 127*x - 146*x = 0. Determine o(x).
2
Let o be (-36499)/(-9367) + (-9)/(-87). Let l(k) be the first derivative of 7*k**2/2 + 4*k - 1. Determine l(o).
32
Suppose 4*z + 4140 = 40*z. Suppose 0 = 123*x - z*x. Let t(y) = -5*y - 6. What is t(x)?
-6
Let q(d) = -8*d**2 - 1 + 2 - 4*d**2 - 6*d**2. Let s(i) = -175*i**2 + 1577*i - 19. Let c be s(9). What is q(c)?
-17
Let f = 5407 - 5411. Let k(p) be the second derivative of -p**5/20 - 5*p**4/12 - p**3/6 + 9*p**2/2 + 12*p. Calculate k(f).
-3
Let u(k) = -4*k + 0*k + k**3 + 16 - 18*k**2 + 19*k**2 - 12*k**2. Calculate u(11).
-28
Suppose 0 = 279*b - 239*b + 360. Let i(p) = p**3 + 12*p**2 + 30*p + 22. What is i(b)?
-5
Suppose s + f + 4 = 4*s, 17 = -s + 4*f. Suppose -o - 5*v = -19, 5*o = s*v - 8*v - 5. Let i(r) = -866*r**2 + 4*r + 867*r**2 + 3*r - 5. Calculate i(o).
-11
Let y(p) be the first derivative of 3*p**3 + 1/30*p**5 + 8 + 0*p**2 + 1/6*p**4 + 0*p. Let v(i) be the third derivative of y(i). Calculate v(-3).
-8
Suppose 0 = 4*y - 2*n + 14, -y - n = -1 + 6. Let d(g) = g**2 + 3*g + 5. Let i(h) = h**2 + 2*h + 6. Let v(j) = -4*d(j) + 3*i(j). Calculate v(y).
6
Let i(v) = -9*v + 182. Let k be i(20). Let l(r) = r**2 + r - 2. Let b be l(k). Let q(m) = -m - 1. Let s(c) = -5*c - 4. Let h(x) = 4*q(x) - s(x). Determine h(b).
4
Let t = -264 - -263. Let x(u) = -6*u**2 + 5*u + 5. Let h(v) = v**3 - v. Let g(w) = t*x(w) - h(w). Give g(5).
0
Let o(u) = -4 - u**2 + 3*u**2 + 457 - 6*u - 462. Calculate o(4).
-1
Let y(t) = 2*t**2 - 17*t + 29. Let u(c) = 2*c**3 - 90*c**2 - 101*c + 426. Let v be u(46). What is y(v)?
113
Let b(c) be the second derivative of -c**4/24 - 11*c**3/6 + 329*c**2/2 + 106*c. Let d(g) be the first derivative of b(g). Determine d(-12).
1
Let x(n) = -2*n**3 - 12*n**2 - 4*n + 6. Let l be (112/36 - 2/(-9))/(925/(-1110)). What is x(l)?
-42
Suppose -3*r + y - 65 = 0, -4*r - 31 - 41 = -5*y. Let n(h) = h**3 + 22*h**2 - 24*h - 9. Determine n(r).
14
Suppose 0 - 5 = 5*p. Let m(q) = -10995 - 10992 + 21986 - 10*q. What is m(p)?
9
Let i = -9 + 23. Let l(d) be the first derivative of d**4/4 - 5*d**3 + 13*d**2/2 + 15*d + 652. Determine l(i).
1
Suppose -86*j + 78*j = 0. Let g(n) = -14*n + 3. Determine g(j).
3
Let y(k) = -k**3 - 8*k**2 - 22*k - 101. Let a(b) = b**3 + 10*b**2 + 22*b + 100. Let w(j) = -4*a(j) - 3*y(j). What is w(-15)?
8
Let w(k) = 3*k**3 + 60*k**2 + 3. Let l be w(-20). Let d(p) = 4*p**2 + 3*p**3 - 5*p**2 - 2*p**2 + 4*p - 3*p**3 + p**l. Determine d(2).
4
Let o(v) = 71 + 0*v - 3*v - 6*v - 73 - 174. Give o(-21).
13
Let c(d) be the third derivative of d**4/6 - d**3/3 + 252*d**2. Let v(y) = 2*y**2 - 2*y - 2. Let g be v(2). Give c(g).
6
Let s(q) = -65*q**2 - 1. Suppose 3*l - 229*c = -234*c + 13, -2*c = 3*l - 7. What is s(l)?
-66
Let a(k) = 4 - k**3 - 3 - 1 + 9*k**2 - 7 + 0*k**3. What is a(4)?
73
Let y be (35 - 3) + 35/((-5)/1). Let c(g) = -g + 24. What is c(y)?
-1
Let y(b) = 0*b**2 - 226*b + 487*b - 4 - 269*b - b**2. Determine y(-9).
-13
Let i(j) be the second derivative of -1/6*j**3 + 6*j + 0 - 3/2*j**2. Suppose 0 = 7*x - 9*x - 6. Give i(x).
0
Let f be (-70206)/(-10) + 78/195. Let w(m) = -3*m - f + 3494 + 3504. Give w(-8).
1
Let q(y) = 2*y**3 - 3*y**2 + 3*y - 4. Let c(n) = 2*n**2 + 17*n - 154. Let s be c(6). Let i be 3 + 1 + (18 - s). Determine q